 56, 0*x = 5*x - u*a - 154. List the prime factors of x.
2, 3, 5
Let l = 3 - -9. Suppose -4*k - 4*w = -l, 2*w = -0 - 4. Suppose 3*s + 185 = 5*t + 2*s, -s = k. What are the prime factors of t?
2, 3
Let i be 5 - 0 - (3 - 0). Suppose 2*o + 5*w + 6 = o, -i*o + 16 = -4*w. Suppose -3*x = -5*g + 108, o*g - 2*g + 4*x - 38 = 0. List the prime factors of g.
3, 7
Let g(w) = 3*w**2 - w + 37. List the prime factors of g(-20).
3, 419
Let t = 1010 - 712. Let b = 423 - t. List the prime factors of b.
5
Let c = -175 + 756. What are the prime factors of c?
7, 83
Let s be -1 + 4 + (-12)/(-1). Suppose 0*g + 5*g = s. What are the prime factors of 209/g - (-2)/6?
2, 5, 7
Suppose -3*m = z - 14, -m - 3*z + 12 = 2*m. Suppose -m*f - 2*x = -513, f - 5*f + 413 = -x. What are the prime factors of f?
103
Suppose 260*j + 6 = 263*j. Suppose -9*h + 404 = -7*h + 4*a, -j*a = 4*h - 820. What are the prime factors of h?
2, 103
Let i be -2 + 2 - (28 - 6). Let x(h) = -h + 13. List the prime factors of x(i).
5, 7
Suppose -362 = 2*w + 2*f, 3*w - 5*f + 6*f + 549 = 0. Let j be -2 + (-3)/((-3)/38). List the prime factors of (-8)/j - w/18.
2, 5
Let c = 1113 + -750. List the prime factors of c.
3, 11
Let i(w) = w**3 - 38*w**2 - 57*w + 167. What are the prime factors of i(40)?
1087
Suppose 2 = 2*a, -4*x - 4*a - 649 = -7929. What are the prime factors of x?
17, 107
Let h = -2278 - -3458. What are the prime factors of h?
2, 5, 59
Let q = 86 - 15. Let z = -22 + q. List the prime factors of z.
7
Let i(q) = -2*q**2 - 12*q + 5. Let b be i(4). Let f = -19 - b. List the prime factors of f.
2, 7
What are the prime factors of (1 + 81)*8/((-80)/(-65))?
13, 41
Let x(q) = 2*q + 9. Let b be x(-2). Suppose b*f = 266 + 219. What are the prime factors of f?
97
Let w(s) be the first derivative of s**3 + 14*s**2 - 8*s - 26. What are the prime factors of w(-12)?
2, 11
Let t(p) = 36*p**2 - 15*p + 17. Let n = 19 - 13. Let d(x) = 18*x**2 - 8*x + 9. Let q(z) = n*t(z) - 11*d(z). List the prime factors of q(2).
71
Suppose 3*a = 15, 9*a + 1950 = 5*z + 5*a. List the prime factors of z.
2, 197
Let w(t) = -t**3 + t**2 + 3*t + 268. Let f(m) = m - 12. Let d be f(12). List the prime factors of w(d).
2, 67
Suppose -22 = 5*x - 32. Suppose -x*k + 43 = -43. List the prime factors of k.
43
Let p be ((-6)/10)/(((-6)/45)/2). Suppose -4*r + p*r = 205. List the prime factors of r.
41
Suppose 48*p = 53*p - 760. List the prime factors of p.
2, 19
Let w(u) = -44*u + 1630. List the prime factors of w(0).
2, 5, 163
Let p(a) be the second derivative of a**4/12 - 5*a**3/6 - 4*a**2 + 3*a. What are the prime factors of p(10)?
2, 3, 7
Suppose 0 = 9*x - 11*x + 204. Suppose -4*m + x + 123 = -5*q, 0 = -2*m - 3*q + 107. List the prime factors of m.
5, 11
Let g(i) = -12*i**3 - 11*i**2 + 4*i + 8. What are the prime factors of g(-6)?
2, 5, 109
Suppose q = 5*i + 2373, -5*q + 1254 + 10727 = 4*i. What are the prime factors of q?
2393
Suppose 0 = y + 66 - 341. What are the prime factors of y?
5, 11
Let r(q) = -q**3 - 3*q**2 - 34*q + 21. List the prime factors of r(-13).
2153
Let x be (-16)/4*-4*3. List the prime factors of (18/(-7))/(x/(-448)).
2, 3
Let c(p) = 15*p**2 + 28*p + 141. List the prime factors of c(-6).
3, 19
Let x = 20 - 20. Let h(z) = z**2 + 101. Let n be h(x). Let q = n - 59. What are the prime factors of q?
2, 3, 7
Suppose -s = 4*s + 30. Let y be 10/s + 7/(-21). What are the prime factors of y*((-1 - -1) + -24)?
2, 3
Let a be 0/(-1) + 3 - 1. Let s(b) = -a + b - 7 + 9*b. List the prime factors of s(4).
31
Suppose 6*m + 4 = 28. Suppose -y = 4*i - i - 169, -m*y = -i - 702. What are the prime factors of y?
5, 7
Suppose -4*g - 80 = -4*y, g = -y - 4*g + 8. Let k = 23 - y. What are the prime factors of k?
5
Let s = 629 - 208. What are the prime factors of s?
421
Let t(x) be the first derivative of -x**3 + 51*x**2/2 - 5*x - 38. What are the prime factors of t(16)?
43
Suppose -5*k - 3 - 57 = 0. Let y be k/2*8/(-24). Suppose -2*u + 7*u + i - 90 = 0, 0 = -y*u - i + 36. List the prime factors of u.
2, 3
Suppose -4*q + 25 = -3*c, -3*q + 10 = -3*c - 20. Let i(t) = -t**2 - 16*t + 33. List the prime factors of i(c).
2, 3
Let b(t) = t - 9. Let o be b(19). What are the prime factors of (o/15)/((-3)/(-63))?
2, 7
Suppose -1283 = -5*a + 6587. What are the prime factors of a?
2, 787
Suppose 5*y - 15 = 2*p + 3*p, 4*y - 12 = 5*p. Suppose -4*z = y*x - 165, -5 + 2 = -z. List the prime factors of x.
3, 17
Suppose 0*c = c + 11. Let n = -7 - c. Suppose -93 = -n*f - 13. List the prime factors of f.
2, 5
Suppose 2*f = 3*f + 21. Let x be (-3 - -2) + (3 - f). Suppose x + 3 = 2*w. What are the prime factors of w?
13
Let j(z) = z**2 - 8*z + 9. Let o be j(7). Let c(v) = -2*v + v**o - 2*v**2 + 3*v**2. List the prime factors of c(2).
2
Let n = -3508 - -5201. What are the prime factors of n?
1693
Let d(a) be the second derivative of -17*a**3/6 - 13*a**2/2 - 14*a. What are the prime factors of d(-7)?
2, 53
Let j = -39 + 125. List the prime factors of j.
2, 43
Suppose -3*u + 894 = -360. Suppose 3*f = -3, -3*p + 0*p + f = -u. What are the prime factors of p?
139
Let c = 117 + 591. List the prime factors of c.
2, 3, 59
Let t(l) = -l**2 + 7*l - 3. Suppose 0 = -c + 6*c - 25. Let y = c + 0. List the prime factors of t(y).
7
Suppose -3*c = 3*g - 83 - 217, -379 = -4*c + 3*g. Let y = c - 12. What are the prime factors of y?
5, 17
Suppose -9437 = -20*p + 19303. What are the prime factors of p?
3, 479
Let m(o) be the first derivative of 35*o**4 + o**3/3 - o - 8. Let c be m(1). Suppose 7*i - 2*i = c. List the prime factors of i.
2, 7
Let d(q) = 2*q + 5. Let b(y) = -2*y - 4. Let h(c) = -4*b(c) - 3*d(c). Let m be h(4). Suppose -21 = -g + m. What are the prime factors of g?
2, 3, 5
Suppose 4*r = 5*s - s + 4, -s - 3*r + 11 = 0. Let o(z) = z - s + 0*z - 3 + 0. What are the prime factors of o(14)?
3
Let p be ((-234)/5)/(((-12)/40)/1). Suppose 0 = 3*r - p - 48. List the prime factors of r.
2, 17
Let q(u) = 7 - 10*u**2 + 6*u**2 + u + 2*u + 6*u**2. Suppose 0 = 3*j - 9, -4*j = -0*g - 3*g - 24. What are the prime factors of q(g)?
3
Suppose 18*w = 13*w + 35. Suppose 180 + 79 = w*c. What are the prime factors of c?
37
Suppose -5*t - l - 26 - 25 = 0, -3*t = -2*l + 41. Let a = 31 + t. Let f = 0 + a. What are the prime factors of f?
2, 5
Let b be 2*(-10)/(-1)*2. Suppose 0 = 3*d - 4*v - 44, -b = -2*d - 2*d - 4*v. List the prime factors of -3*(-3)/(d/28).
3, 7
Let y(m) = -11*m**2 + 7*m + 4. Suppose 0 = -2*n + n + 9. Let c be y(n). List the prime factors of (-8)/(-52) - c/52.
2
Suppose -5*n + 2016 = -2*c, 5*n - 4*c = 8*n - 1194. List the prime factors of n.
2, 3, 67
Suppose 102 = 5*m + p, -4*p + 0*p + 30 = 2*m. Let y = m - -30. Let b = y + -26. What are the prime factors of b?
5
Suppose 5*x = -4*p + 1506, 4*x - p = 2*p + 1180. What are the prime factors of x?
2, 149
Let t(u) = -u**2 - 28*u - 28. What are the prime factors of t(-12)?
2, 41
Suppose 6*p + 1066 = 9802. List the prime factors of p.
2, 7, 13
Let w(s) be the third derivative of -s**5/60 + s**4/3 + 4*s**3/3 + 8*s**2. What are the prime factors of w(7)?
3, 5
Let r = 128 - 8. Suppose -4*f + r = 4. What are the prime factors of f?
29
Suppose -30 - 50 = -2*p. Suppose p = -3*g + 4*g. What are the prime factors of g?
2, 5
Suppose -13 - 2 = -w. Suppose -5*m - w = -0*m. What are the prime factors of (-267)/(-15) - m/15?
2, 3
Let l(h) = -h**2 - 33*h - 28. What are the prime factors of l(-32)?
2
What are the prime factors of 5/(104/102 + -1)?
3, 5, 17
Let x = 98 - 60. Let z = 0 + x. Suppose 0 = -2*t - 5*b + 40, -3*t - z + 109 = 2*b. What are the prime factors of t?
5
Suppose 2*n + 0*n - 182 = 0. Let y = n + -53. List the prime factors of y.
2, 19
Let q = 144 - -186. Suppose 0 = -11*u + 396 + q. What are the prime factors of u?
2, 3, 11
Let o(h) = h**2 + 12*h - 2. Suppose -4 + 13 = 3*w + 4*s, -3 = -w - 2*s. Let c be 28/w*(-27)/18. What are the prime factors of o(c)?
2, 13
Suppose 3*i + 597 = 4*g, -4*g + 0*i = 5*i - 637. List the prime factors of g.
3, 17
Suppose 4*j = -4*c + 1796, -5*c + 2*c + 1351 = 2*j. What are the prime factors of c?
3, 151
Let o = -424 + 1226. What are the prime factors of o?
2, 401
Suppose 3*k + k - 534 = 2*y, 5*k = -4*y + 648. What are the prime factors of (-1147)/(-6) - 22/k?
191
Let z = 25 + -24. What are the prime factors of z